{"id":63,"date":"2023-02-20T17:17:48","date_gmt":"2023-02-20T16:17:48","guid":{"rendered":"http:\/\/amis-claude-tillier.org\/?page_id=63"},"modified":"2023-06-18T10:38:22","modified_gmt":"2023-06-18T08:38:22","slug":"presse","status":"publish","type":"page","link":"https:\/\/amis-claude-tillier.org\/index.php\/presse\/","title":{"rendered":"Echos de nos activit\u00e9s dans la presse"},"content":{"rendered":"\n<h2 class=\"wp-block-heading has-text-align-center\"><\/h2>\n\n\n\n<h4 class=\"wp-block-heading has-text-align-center\">Visite de Moulins-Engilbert lors de l&rsquo;assembl\u00e9e g\u00e9n\u00e9rale de 2017<\/h4>\n\n\n\n<p><\/p>\n\n\n<div class=\"wp-block-image\">\n<figure class=\"aligncenter size-large is-resized\"><img loading=\"lazy\" decoding=\"async\" src=\"https:\/\/amis-claude-tillier.org\/wp-content\/uploads\/2023\/02\/Claude-Tillier-et-Jules-Miot-001-1024x744.jpg\" alt=\"\" class=\"wp-image-66\" width=\"839\" height=\"609\" srcset=\"https:\/\/amis-claude-tillier.org\/wp-content\/uploads\/2023\/02\/Claude-Tillier-et-Jules-Miot-001-1024x744.jpg 1024w, https:\/\/amis-claude-tillier.org\/wp-content\/uploads\/2023\/02\/Claude-Tillier-et-Jules-Miot-001-300x218.jpg 300w, https:\/\/amis-claude-tillier.org\/wp-content\/uploads\/2023\/02\/Claude-Tillier-et-Jules-Miot-001-768x558.jpg 768w, https:\/\/amis-claude-tillier.org\/wp-content\/uploads\/2023\/02\/Claude-Tillier-et-Jules-Miot-001-1536x1116.jpg 1536w, https:\/\/amis-claude-tillier.org\/wp-content\/uploads\/2023\/02\/Claude-Tillier-et-Jules-Miot-001-2048x1488.jpg 2048w, https:\/\/amis-claude-tillier.org\/wp-content\/uploads\/2023\/02\/Claude-Tillier-et-Jules-Miot-001-1140x828.jpg 1140w\" sizes=\"auto, (max-width: 839px) 100vw, 839px\" \/><figcaption class=\"wp-element-caption\"><em><strong>Article du Journal du Centre d&rsquo;avril 2017<\/strong><\/em><\/figcaption><\/figure>\n<\/div>\n\n\n<h4 class=\"wp-block-heading has-text-align-center\">Sortie en Bourgogne de 2017 : Bussy-Rabutin, Madame de S\u00e9vign\u00e9, Buffon<\/h4>\n\n\n\n<figure class=\"wp-block-gallery has-nested-images columns-default is-cropped wp-block-gallery-1 is-layout-flex wp-block-gallery-is-layout-flex\">\n<figure class=\"wp-block-image size-large\"><img loading=\"lazy\" decoding=\"async\" width=\"1024\" height=\"744\" data-id=\"294\" src=\"https:\/\/amis-claude-tillier.org\/wp-content\/uploads\/2023\/06\/Sortie-litteraire-en-Bourgogne-001-1024x744.jpg\" alt=\"\" class=\"wp-image-294\" srcset=\"https:\/\/amis-claude-tillier.org\/wp-content\/uploads\/2023\/06\/Sortie-litteraire-en-Bourgogne-001-1024x744.jpg 1024w, https:\/\/amis-claude-tillier.org\/wp-content\/uploads\/2023\/06\/Sortie-litteraire-en-Bourgogne-001-300x218.jpg 300w, https:\/\/amis-claude-tillier.org\/wp-content\/uploads\/2023\/06\/Sortie-litteraire-en-Bourgogne-001-768x558.jpg 768w, https:\/\/amis-claude-tillier.org\/wp-content\/uploads\/2023\/06\/Sortie-litteraire-en-Bourgogne-001-1536x1116.jpg 1536w, https:\/\/amis-claude-tillier.org\/wp-content\/uploads\/2023\/06\/Sortie-litteraire-en-Bourgogne-001-2048x1488.jpg 2048w, https:\/\/amis-claude-tillier.org\/wp-content\/uploads\/2023\/06\/Sortie-litteraire-en-Bourgogne-001-1140x828.jpg 1140w\" sizes=\"auto, (max-width: 1024px) 100vw, 1024px\" \/><\/figure>\n<\/figure>\n\n\n\n<h4 class=\"wp-block-heading has-text-align-center\"><em><strong>Article du Journal du Centre du 18 mai 2017<\/strong><\/em><\/h4>\n","protected":false},"excerpt":{"rendered":"<p>Visite de Moulins-Engilbert lors de l&rsquo;assembl\u00e9e g\u00e9n\u00e9rale de 2017 Sortie en Bourgogne de 2017 : Bussy-Rabutin, Madame de S\u00e9vign\u00e9, Buffon Article du Journal du Centre du 18 mai 2017<\/p>\n","protected":false},"author":1,"featured_media":0,"parent":0,"menu_order":0,"comment_status":"closed","ping_status":"closed","template":"","meta":{"footnotes":""},"class_list":["post-63","page","type-page","status-publish","hentry"],"_links":{"self":[{"href":"https:\/\/amis-claude-tillier.org\/index.php\/wp-json\/wp\/v2\/pages\/63","targetHints":{"allow":["GET"]}}],"collection":[{"href":"https:\/\/amis-claude-tillier.org\/index.php\/wp-json\/wp\/v2\/pages"}],"about":[{"href":"https:\/\/amis-claude-tillier.org\/index.php\/wp-json\/wp\/v2\/types\/page"}],"author":[{"embeddable":true,"href":"https:\/\/amis-claude-tillier.org\/index.php\/wp-json\/wp\/v2\/users\/1"}],"replies":[{"embeddable":true,"href":"https:\/\/amis-claude-tillier.org\/index.php\/wp-json\/wp\/v2\/comments?post=63"}],"version-history":[{"count":4,"href":"https:\/\/amis-claude-tillier.org\/index.php\/wp-json\/wp\/v2\/pages\/63\/revisions"}],"predecessor-version":[{"id":297,"href":"https:\/\/amis-claude-tillier.org\/index.php\/wp-json\/wp\/v2\/pages\/63\/revisions\/297"}],"wp:attachment":[{"href":"https:\/\/amis-claude-tillier.org\/index.php\/wp-json\/wp\/v2\/media?parent=63"}],"curies":[{"name":"wp","href":"https:\/\/api.w.org\/{rel}","templated":true}]}}

Echos de nos activités dans la presse

<h2 class="wp-block-heading has-text-align-center"></h2>



<h4 class="wp-block-heading has-text-align-center">Visite de Moulins-Engilbert lors de l&rsquo;assemblée générale de 2017</h4>



<p></p>


<div class="wp-block-image">
<figure class="aligncenter size-large is-resized"><img loading="lazy" decoding="async" src="https://amis-claude-tillier.org/wp-content/uploads/2023/02/Claude-Tillier-et-Jules-Miot-001-1024x744.jpg" alt="" class="wp-image-66" width="839" height="609" srcset="https://amis-claude-tillier.org/wp-content/uploads/2023/02/Claude-Tillier-et-Jules-Miot-001-1024x744.jpg 1024w, https://amis-claude-tillier.org/wp-content/uploads/2023/02/Claude-Tillier-et-Jules-Miot-001-300x218.jpg 300w, https://amis-claude-tillier.org/wp-content/uploads/2023/02/Claude-Tillier-et-Jules-Miot-001-768x558.jpg 768w, https://amis-claude-tillier.org/wp-content/uploads/2023/02/Claude-Tillier-et-Jules-Miot-001-1536x1116.jpg 1536w, https://amis-claude-tillier.org/wp-content/uploads/2023/02/Claude-Tillier-et-Jules-Miot-001-2048x1488.jpg 2048w, https://amis-claude-tillier.org/wp-content/uploads/2023/02/Claude-Tillier-et-Jules-Miot-001-1140x828.jpg 1140w" sizes="auto, (max-width: 839px) 100vw, 839px" /><figcaption class="wp-element-caption"><em><strong>Article du Journal du Centre d&rsquo;avril 2017</strong></em></figcaption></figure>
</div>


<h4 class="wp-block-heading has-text-align-center">Sortie en Bourgogne de 2017 : Bussy-Rabutin, Madame de Sévigné, Buffon</h4>



<figure class="wp-block-gallery has-nested-images columns-default is-cropped wp-block-gallery-1 is-layout-flex wp-block-gallery-is-layout-flex">
<figure class="wp-block-image size-large"><img loading="lazy" decoding="async" width="1024" height="744" data-id="294" src="https://amis-claude-tillier.org/wp-content/uploads/2023/06/Sortie-litteraire-en-Bourgogne-001-1024x744.jpg" alt="" class="wp-image-294" srcset="https://amis-claude-tillier.org/wp-content/uploads/2023/06/Sortie-litteraire-en-Bourgogne-001-1024x744.jpg 1024w, https://amis-claude-tillier.org/wp-content/uploads/2023/06/Sortie-litteraire-en-Bourgogne-001-300x218.jpg 300w, https://amis-claude-tillier.org/wp-content/uploads/2023/06/Sortie-litteraire-en-Bourgogne-001-768x558.jpg 768w, https://amis-claude-tillier.org/wp-content/uploads/2023/06/Sortie-litteraire-en-Bourgogne-001-1536x1116.jpg 1536w, https://amis-claude-tillier.org/wp-content/uploads/2023/06/Sortie-litteraire-en-Bourgogne-001-2048x1488.jpg 2048w, https://amis-claude-tillier.org/wp-content/uploads/2023/06/Sortie-litteraire-en-Bourgogne-001-1140x828.jpg 1140w" sizes="auto, (max-width: 1024px) 100vw, 1024px" /></figure>
</figure>



<h4 class="wp-block-heading has-text-align-center"><em><strong>Article du Journal du Centre du 18 mai 2017</strong></em></h4>

<p>Visite de Moulins-Engilbert lors de l&rsquo;assemblée générale de 2017 Sortie en Bourgogne de 2017 : Bussy-Rabutin, Madame de Sévigné, Buffon Article du Journal du Centre du 18 mai 2017</p>
