{"id":567,"date":"2025-01-06T10:37:04","date_gmt":"2025-01-06T09:37:04","guid":{"rendered":"https:\/\/amis-claude-tillier.org\/?page_id=567"},"modified":"2025-01-06T11:19:05","modified_gmt":"2025-01-06T10:19:05","slug":"edito","status":"publish","type":"page","link":"https:\/\/amis-claude-tillier.org\/","title":{"rendered":"EDITO"},"content":{"rendered":"\n<h2 class=\"wp-block-heading has-text-align-center\"><strong>L&rsquo;association des Amis de Claude Tillier<br>vous pr\u00e9sente ses meilleurs v\u0153ux pour cette nouvelle ann\u00e9e 2025.<br><\/strong><\/h2>\n\n\n\n<div style=\"height:48px\" aria-hidden=\"true\" class=\"wp-block-spacer\"><\/div>\n\n\n\n<div class=\"wp-block-media-text is-stacked-on-mobile\"><figure class=\"wp-block-media-text__media\"><img loading=\"lazy\" decoding=\"async\" width=\"735\" height=\"1024\" src=\"https:\/\/amis-claude-tillier.org\/wp-content\/uploads\/2025\/01\/Cahier-14-735x1024.jpg\" alt=\"\" class=\"wp-image-573 size-full\" srcset=\"https:\/\/amis-claude-tillier.org\/wp-content\/uploads\/2025\/01\/Cahier-14-735x1024.jpg 735w, https:\/\/amis-claude-tillier.org\/wp-content\/uploads\/2025\/01\/Cahier-14-215x300.jpg 215w, https:\/\/amis-claude-tillier.org\/wp-content\/uploads\/2025\/01\/Cahier-14-768x1070.jpg 768w, https:\/\/amis-claude-tillier.org\/wp-content\/uploads\/2025\/01\/Cahier-14-1103x1536.jpg 1103w, https:\/\/amis-claude-tillier.org\/wp-content\/uploads\/2025\/01\/Cahier-14-1470x2048.jpg 1470w, https:\/\/amis-claude-tillier.org\/wp-content\/uploads\/2025\/01\/Cahier-14-1140x1588.jpg 1140w, https:\/\/amis-claude-tillier.org\/wp-content\/uploads\/2025\/01\/Cahier-14-scaled.jpg 1838w\" sizes=\"auto, (max-width: 735px) 100vw, 735px\" \/><\/figure><div class=\"wp-block-media-text__content\">\n<p><strong>CAHIERS CLAUDE TILLIER N\u00b014<\/strong><\/p>\n\n\n\n<p class=\"has-text-align-left\">\u00c9dit\u00e9 par l&rsquo;Association des Amis de Claude Tillier pour la connaissance et la reconnaissance du journaliste, pamphl\u00e9taire et romancier nivernais.<\/p>\n\n\n\n<p><em>N\u00b0 14 : <strong>20 \u20ac  <\/strong><\/em><\/p>\n<\/div><\/div>\n\n\n\n<p><\/p>\n","protected":false},"excerpt":{"rendered":"<p>L&rsquo;association des Amis de Claude Tilliervous pr\u00e9sente ses meilleurs v\u0153ux pour cette nouvelle ann\u00e9e 2025. CAHIERS CLAUDE TILLIER N\u00b014 \u00c9dit\u00e9 par l&rsquo;Association des Amis de Claude Tillier pour la connaissance et la reconnaissance du journaliste, pamphl\u00e9taire et romancier nivernais. N\u00b0 14 : 20 \u20ac<\/p>\n","protected":false},"author":1,"featured_media":0,"parent":0,"menu_order":0,"comment_status":"closed","ping_status":"closed","template":"","meta":{"footnotes":""},"class_list":["post-567","page","type-page","status-publish","hentry"],"_links":{"self":[{"href":"https:\/\/amis-claude-tillier.org\/index.php\/wp-json\/wp\/v2\/pages\/567","targetHints":{"allow":["GET"]}}],"collection":[{"href":"https:\/\/amis-claude-tillier.org\/index.php\/wp-json\/wp\/v2\/pages"}],"about":[{"href":"https:\/\/amis-claude-tillier.org\/index.php\/wp-json\/wp\/v2\/types\/page"}],"author":[{"embeddable":true,"href":"https:\/\/amis-claude-tillier.org\/index.php\/wp-json\/wp\/v2\/users\/1"}],"replies":[{"embeddable":true,"href":"https:\/\/amis-claude-tillier.org\/index.php\/wp-json\/wp\/v2\/comments?post=567"}],"version-history":[{"count":6,"href":"https:\/\/amis-claude-tillier.org\/index.php\/wp-json\/wp\/v2\/pages\/567\/revisions"}],"predecessor-version":[{"id":581,"href":"https:\/\/amis-claude-tillier.org\/index.php\/wp-json\/wp\/v2\/pages\/567\/revisions\/581"}],"wp:attachment":[{"href":"https:\/\/amis-claude-tillier.org\/index.php\/wp-json\/wp\/v2\/media?parent=567"}],"curies":[{"name":"wp","href":"https:\/\/api.w.org\/{rel}","templated":true}]}}

<h2 class="wp-block-heading has-text-align-center"><strong>L&rsquo;association des Amis de Claude Tillier<br>vous présente ses meilleurs vœux pour cette nouvelle année 2025.<br></strong></h2>



<div style="height:48px" aria-hidden="true" class="wp-block-spacer"></div>



<div class="wp-block-media-text is-stacked-on-mobile"><figure class="wp-block-media-text__media"><img loading="lazy" decoding="async" width="735" height="1024" src="https://amis-claude-tillier.org/wp-content/uploads/2025/01/Cahier-14-735x1024.jpg" alt="" class="wp-image-573 size-full" srcset="https://amis-claude-tillier.org/wp-content/uploads/2025/01/Cahier-14-735x1024.jpg 735w, https://amis-claude-tillier.org/wp-content/uploads/2025/01/Cahier-14-215x300.jpg 215w, https://amis-claude-tillier.org/wp-content/uploads/2025/01/Cahier-14-768x1070.jpg 768w, https://amis-claude-tillier.org/wp-content/uploads/2025/01/Cahier-14-1103x1536.jpg 1103w, https://amis-claude-tillier.org/wp-content/uploads/2025/01/Cahier-14-1470x2048.jpg 1470w, https://amis-claude-tillier.org/wp-content/uploads/2025/01/Cahier-14-1140x1588.jpg 1140w, https://amis-claude-tillier.org/wp-content/uploads/2025/01/Cahier-14-scaled.jpg 1838w" sizes="auto, (max-width: 735px) 100vw, 735px" /></figure><div class="wp-block-media-text__content">
<p><strong>CAHIERS CLAUDE TILLIER N°14</strong></p>



<p class="has-text-align-left">Édité par l&rsquo;Association des Amis de Claude Tillier pour la connaissance et la reconnaissance du journaliste, pamphlétaire et romancier nivernais.</p>



<p><em>N° 14 : <strong>20 €  </strong></em></p>
</div></div>



<p></p>

<p>L&rsquo;association des Amis de Claude Tilliervous présente ses meilleurs vœux pour cette nouvelle année 2025. CAHIERS CLAUDE TILLIER N°14 Édité par l&rsquo;Association des Amis de Claude Tillier pour la connaissance et la reconnaissance du journaliste, pamphlétaire et romancier nivernais. N° 14 : 20 €</p>
