{"id":315,"date":"2023-06-26T16:14:52","date_gmt":"2023-06-26T14:14:52","guid":{"rendered":"https:\/\/amis-claude-tillier.org\/?page_id=315"},"modified":"2023-06-26T16:29:29","modified_gmt":"2023-06-26T14:29:29","slug":"nos-activites-realisees-durant-lannee-2022","status":"publish","type":"page","link":"https:\/\/amis-claude-tillier.org\/index.php\/nos-activites-realisees-durant-lannee-2022\/","title":{"rendered":"Activit\u00e9s en 2022"},"content":{"rendered":"\n<ul class=\"wp-block-list\">\n<li>3 avril : assembl\u00e9e g\u00e9n\u00e9rale \u00e0 la Ferme Blanche en pr\u00e9sence de 16 participants. L\u2019apr\u00e8s-midi a \u00e9t\u00e9<br>anim\u00e9e par le chanteur Reynald Haley dans la salle de spectacle.<\/li>\n\n\n\n<li>26 mai : sortie culturelle \u00e0 Auxerre<br>Le matin, visite des s\u00e9pultures de personnages illustres au cimeti\u00e8re St-Am\u00e2tre comment\u00e9e<br>par Jean-No\u00ebl Gu\u00e9nard, pr\u00e9sident de la Libre Pens\u00e9e de l\u2019Yonne. L\u2019apr\u00e8s-midi, \u00ab sur les pas de<br>Marie No\u00ebl \u00bb avec Jean-Guy B\u00e8gue, de la Soci\u00e9t\u00e9 des Sciences Historiques et Naturelles de<br>l\u2019Yonne ; visite comment\u00e9e de la maison d\u2019enfance de la po\u00e9tesse.<\/li>\n\n\n\n<li>ao\u00fbt : parution du cahier n\u00b0 12, avec entre autres, un article de Viviane Marcelot, tr\u00e9sori\u00e8re,<br>retra\u00e7ant les 20 ans de l\u2019association, et un article de Claudine Galmard, pr\u00e9sidente d\u2019honneur, \u00ab En<br>Colas Breugnon, l\u2019h\u00e9ritage de Claude Tillier \u00bb.<\/li>\n\n\n\n<li>3 septembre : participation de trois membres \u00e0 l\u2019exposition Pierre Malardier \u00e0 Nevers : Mich\u00e8le<br>Philibert, Fran\u00e7oise Eito et Viviane Marcelot.<\/li>\n\n\n\n<li>9, 10 et 11 septembre : participation de quelques membres \u00e0 Flottage festival.<\/li>\n\n\n\n<li>19 novembre ; inauguration des rues Romain-Rolland et Claude-Tillier \u00e0 St-Pierre-du-Mont en<br>partenariat avec l\u2019association des Amis de Romain Rolland, en pr\u00e9sence de M. jean-Jacques Mey,<br>maire de la commune et de Christophe Deniaux, conseiller d\u00e9partemental.<\/li>\n\n\n\n<li>25 novembre : r\u00e9union de la commission voyages. Deux projets seront soumis aux adh\u00e9rents :<br>deux jours en Seine-et-Marne, ou une journ\u00e9e \u00e0 Bazoches et Chastellux.<\/li>\n\n\n\n<li>9 d\u00e9cembre : 3 membres ont assist\u00e9 \u00e0 la soir\u00e9e caf\u00e9-th\u00e9\u00e2tre sur la vie de l\u2019abb\u00e9 Meslier, cur\u00e9<br>ath\u00e9e, interpr\u00e9t\u00e9 par jean-No\u00ebl Gu\u00e9nard.<\/li>\n\n\n\n<li>Deux membres ont particip\u00e9 aux sorties organis\u00e9es par Gertrude Godard, de Nature en Livres.<\/li>\n\n\n\n<li>27 mars : tenue d\u2019un stand Claude Tillier au Salon du livre \u00e0 St-Eloi (58).<\/li>\n<\/ul>\n","protected":false},"excerpt":{"rendered":"","protected":false},"author":1,"featured_media":0,"parent":0,"menu_order":0,"comment_status":"closed","ping_status":"closed","template":"","meta":{"footnotes":""},"class_list":["post-315","page","type-page","status-publish","hentry"],"_links":{"self":[{"href":"https:\/\/amis-claude-tillier.org\/index.php\/wp-json\/wp\/v2\/pages\/315","targetHints":{"allow":["GET"]}}],"collection":[{"href":"https:\/\/amis-claude-tillier.org\/index.php\/wp-json\/wp\/v2\/pages"}],"about":[{"href":"https:\/\/amis-claude-tillier.org\/index.php\/wp-json\/wp\/v2\/types\/page"}],"author":[{"embeddable":true,"href":"https:\/\/amis-claude-tillier.org\/index.php\/wp-json\/wp\/v2\/users\/1"}],"replies":[{"embeddable":true,"href":"https:\/\/amis-claude-tillier.org\/index.php\/wp-json\/wp\/v2\/comments?post=315"}],"version-history":[{"count":3,"href":"https:\/\/amis-claude-tillier.org\/index.php\/wp-json\/wp\/v2\/pages\/315\/revisions"}],"predecessor-version":[{"id":330,"href":"https:\/\/amis-claude-tillier.org\/index.php\/wp-json\/wp\/v2\/pages\/315\/revisions\/330"}],"wp:attachment":[{"href":"https:\/\/amis-claude-tillier.org\/index.php\/wp-json\/wp\/v2\/media?parent=315"}],"curies":[{"name":"wp","href":"https:\/\/api.w.org\/{rel}","templated":true}]}}

Activités en 2022

<ul class="wp-block-list">
<li>3 avril : assemblée générale à la Ferme Blanche en présence de 16 participants. L’après-midi a été<br>animée par le chanteur Reynald Haley dans la salle de spectacle.</li>



<li>26 mai : sortie culturelle à Auxerre<br>Le matin, visite des sépultures de personnages illustres au cimetière St-Amâtre commentée<br>par Jean-Noël Guénard, président de la Libre Pensée de l’Yonne. L’après-midi, « sur les pas de<br>Marie Noël » avec Jean-Guy Bègue, de la Société des Sciences Historiques et Naturelles de<br>l’Yonne ; visite commentée de la maison d’enfance de la poétesse.</li>



<li>août : parution du cahier n° 12, avec entre autres, un article de Viviane Marcelot, trésorière,<br>retraçant les 20 ans de l’association, et un article de Claudine Galmard, présidente d’honneur, « En<br>Colas Breugnon, l’héritage de Claude Tillier ».</li>



<li>3 septembre : participation de trois membres à l’exposition Pierre Malardier à Nevers : Michèle<br>Philibert, Françoise Eito et Viviane Marcelot.</li>



<li>9, 10 et 11 septembre : participation de quelques membres à Flottage festival.</li>



<li>19 novembre ; inauguration des rues Romain-Rolland et Claude-Tillier à St-Pierre-du-Mont en<br>partenariat avec l’association des Amis de Romain Rolland, en présence de M. jean-Jacques Mey,<br>maire de la commune et de Christophe Deniaux, conseiller départemental.</li>



<li>25 novembre : réunion de la commission voyages. Deux projets seront soumis aux adhérents :<br>deux jours en Seine-et-Marne, ou une journée à Bazoches et Chastellux.</li>



<li>9 décembre : 3 membres ont assisté à la soirée café-théâtre sur la vie de l’abbé Meslier, curé<br>athée, interprété par jean-Noël Guénard.</li>



<li>Deux membres ont participé aux sorties organisées par Gertrude Godard, de Nature en Livres.</li>



<li>27 mars : tenue d’un stand Claude Tillier au Salon du livre à St-Eloi (58).</li>
</ul>
